the remainder when h is divided by 3.
2
Suppose -n = -2*n + 4, -s = 4*n - 19. Suppose 0*q - 4*q - 18 = -s*y, -5*y - q = -53. What is the remainder when 27 is divided by y?
7
Let r(w) be the third derivative of w**4/12 + w**2. Let n = 42 + -27. Calculate the remainder when n is divided by r(3).
3
Suppose 2*r - 22 = r. What is the remainder when r is divided by 8?
6
Calculate the remainder when 28 is divided by (24/30)/(1/5).
0
Suppose -5*f + 2*w = -0*f + 10, -f + w = 5. Suppose 2*c - 41 - 39 = 0. Suppose 0 = -5*u - f + c. Calculate the remainder when 23 is divided by u.
7
Let p be 452/8 - (-2)/4. Suppose 2*s + i = 43, 0*i = 3*s + 4*i - p. Calculate the remainder when 67 is divided by s.
21
Let g = -23 - -142. Calculate the remainder when g is divided by 41.
37
Let f = -23 - -37. Let t = 41 - f. What is the remainder when 51 is divided by t?
24
Calculate the remainder when -4 - 0 - (-6 - 3) is divided by 3.
2
Suppose 311 = 4*i - t, 5*i + 4*t + 41 = 435. Suppose -5*b = 9*u - 13*u - 143, -3*u - 87 = -3*b. Calculate the remainder when i is divided by b.
24
Let f = 8 - 8. Suppose -2*m - 2*m + 172 = f. Calculate the remainder when m is divided by 11.
10
Let v(p) be the third derivative of -7*p**4/24 + 2*p**3/3 + 4*p**2. Let w(g) = g + 1. Let k be w(-5). Calculate the remainder when v(k) is divided by 11.
10
Suppose -2*n = -4*n + 58. What is the remainder when n is divided by 8?
5
Suppose m + 4*o - 33 = 0, -4*o = -m - o + 33. Calculate the remainder when m is divided by 11.
0
Let g be -1 + -3 - (-20 + 19). Let i = 14 - g. What is the remainder when 33/(-2)*-1*2 is divided by i?
16
Suppose 4*l + 4*u = -20, l - 4*u = -2*l + 6. Calculate the remainder when 44 is divided by ((-1)/l)/(5/150).
14
Let z be (3 + 0 + -3)/2. Suppose 78 = 5*u + 3*f - 11, -2*u - 4*f + 30 = z. What is the remainder when 55 is divided by u?
17
Calculate the remainder when ((-86)/8)/(1*3/(-24)) is divided by 11.
9
Suppose -b = 3*b - 24. Suppose 5*f - 3*f - b = 0, 5*i = 5*f + 125. Calculate the remainder when i is divided by 15.
13
Let z = 12 - 40. What is the remainder when (-76)/z - (-6)/21 is divided by 2?
1
Let t(z) = z**3 - 12*z**2 + 14*z - 16. What is the remainder when t(11) is divided by 5?
2
Suppose 0 = -2*z - 4 + 46. Suppose -180 = -3*o + z. Calculate the remainder when o is divided by 17.
16
Suppose -3*q = -8 + 2. Let p = -7 - -4. What is the remainder when (-12 - -6)*2/p is divided by q?
0
Suppose -d + 31 = -3*a - 2*a, 0 = -2*d + 4*a + 44. Suppose 3*k + 2*w + 4 = 21, 2*w + 4 = 4*k. Let x = 3 + k. Calculate the remainder when d is divided by x.
4
Let j be 2 + -1 + 1 + 1. Suppose 5*d = j*k - 92, -d - 46 = -2*k + 6. Suppose 10 = h - 3. What is the remainder when k is divided by h?
11
Let m(d) = 3*d**2 + 2*d + 3. Let s(z) = 2*z**2 + 10*z + 8. What is the remainder when s(-6) is divided by m(-2)?
9
Let x(d) = 11 + 12*d + 4*d + 1 + d**2. Calculate the remainder when x(-16) is divided by 5.
2
Suppose -5*w + 25 = 5*p, -4*w - 2*p = w - 37. What is the remainder when w is divided by ((-2)/3)/((-1)/6)?
1
Let q be 3*(0 - (-4)/3). Suppose -q*v + 33 = -v. Suppose -10 = -3*s + v. What is the remainder when 20 is divided by s?
6
Let n(o) = -o**3 - 17*o**2 - 23*o - 17. What is the remainder when n(-16) is divided by 20?
15
Suppose 4*c + 20 = -4*x, 5*c - 2*c = -x - 13. Let m(z) = -9*z. Let k(i) = 12*i + 1. What is the remainder when k(2) is divided by m(x)?
7
Let d = -34 - -69. Calculate the remainder when 207 is divided by d.
32
Let z be (-3 + -1)/(0 + -1). Suppose -2*f + z = -f. What is the remainder when (-2)/9 - (-202)/18 is divided by f?
3
Suppose 3*m - 39 = -0*m. Calculate the remainder when m is divided by 6 + -3 - 2 - -4.
3
Let u(w) = -5*w - 2. Suppose -207 = -4*a - 5*b, -5*a = -0*b + 2*b - 263. What is the remainder when a is divided by u(-4)?
17
Let y be 1 + (-1)/(-2 + 1). Suppose -y*z + 16 = -18. Calculate the remainder when 48 is divided by z.
14
Suppose 2*r + 96 = 130. Calculate the remainder when r is divided by ((-17)/(-4) + -2)*4.
8
Let q(n) = -n**3 + 4*n**2 + 4. Let h be q(4). Let a(y) = y - 1 + 4 + h. What is the remainder when 13 is divided by a(0)?
6
Suppose n - 3*j - 6 = 0, -2*j = 2*n + n + 4. Suppose 37 = z - n*z. Calculate the remainder when z is divided by 19.
18
Let p(b) = -b**2 - 2*b - 2. Let i be p(-3). What is the remainder when (-6)/14 - 104/(-14) is divided by ((-2)/i)/((-3)/(-30))?
3
Let j(o) = -o**2 - 10*o + 10. What is the remainder when -15*(2 - 28/5) is divided by j(-9)?
16
What is the remainder when ((-136 + -4)/4)/(-1) is divided by 19?
16
Suppose 2*n = 17 + 27. Let j(u) = -3*u - 37. Calculate the remainder when n is divided by j(-15).
6
Let k = -81 + 102. Calculate the remainder when k is divided by 11.
10
Let g = -1 - -7. Suppose 4*w = 8, 2*o + w = g*w - 8. Let t = -21 + 22. Calculate the remainder when t is divided by o.
0
Calculate the remainder when 5/((-20)/256)*-1 is divided by 11.
9
Let r(o) = o**3 - 6*o**2 + 3*o - 3. Calculate the remainder when 16 is divided by r(6).
1
Let c = 105 - -48. Calculate the remainder when c is divided by 14.
13
Let w(y) = 7*y - 6. Suppose 4*s + 8 = -12. Let q = 13 + s. Calculate the remainder when w(4) is divided by q.
6
Let j(b) = -b**2 + 2 - b - 5*b + 0. Suppose 5*h - 7*x - 14 = -3*x, -4*h + 3*x = -11. Calculate the remainder when h is divided by j(-6).
0
Let u(w) = 5*w + 9. Let s be u(-8). Let x = s + 44. Calculate the remainder when 35 is divided by x.
9
Calculate the remainder when 44 is divided by (3 - -1)/8*30.
14
Suppose 0 = -5*w - 25, -3*w = -3*l - 7*w + 31. Let m = -8 + l. What is the remainder when 33/4*(1 - -3) is divided by m?
6
Suppose 3*q - 6 - 3 = 0, -4*x - 3*q + 21 = 0. Suppose -x*w = -2*w - 23. Calculate the remainder when w is divided by 12.
11
Suppose 0 = -12*y + 59 + 37. What is the remainder when 23 is divided by y?
7
Calculate the remainder when 131 is divided by -48*-1*(-2)/(-6) - 1.
11
Suppose 0 = -2*s - 3*n + 42, s - 6*s = 4*n - 91. Calculate the remainder when 104 is divided by s.
14
Let v = 19 + -3. What is the remainder when 45 is divided by v?
13
Suppose -4 - 10 = 2*g. Let o = g - -16. Calculate the remainder when (-2)/4*-17*2 is divided by o.
8
Let v = 114 - 74. Suppose -2*p + 98 = 5*p. Calculate the remainder when v is divided by p.
12
Let r be 1*-3*(-72)/27. Suppose -3*n + 2*w - 3*w = -r, -2*n = 3*w - 3. Calculate the remainder when 5 is divided by n.
2
Let q(x) = 12*x**3 + 2*x - 2. Let c be q(2). Suppose 0 = -0*h - 2*h + c. Let a = h + 12. Calculate the remainder when a is divided by 21.
19
Suppose 3*d + 4*m = 71, 3*m - 24 = -3*d + 45. Suppose x - d = 4. Calculate the remainder when x is divided by 9.
7
Calculate the remainder when (24/1)/1 + -1 is divided by 13.
10
Suppose 0*w = -3*w + 21. Let p = 15 - 3. Calculate the remainder when p is divided by w.
5
Let h = -5 - -21. What is the remainder when 75 is divided by h?
11
Suppose 5*o = -4*a + 299, 15 = -4*o + o. Suppose k = -3*z + 81, 0 = 3*z - 6*z - 2*k + a. Calculate the remainder when z is divided by 10.
7
Let u = 2 - -1. Let a be (-1 + 2/(-2))*-2. Let x = a + -2. What is the remainder when u is divided by x?
1
Suppose 2*s = -0*s. Calculate the remainder when 3*(84/9 - s) is divided by 0/(-2) - 15*-1.
13
Suppose r = 3*k + 90, -122 = -r - k - 4*k. What is the remainder when r is divided by 35?
32
Let v = -3 + 5. Let p be -4 + 1/(v/4). Calculate the remainder when (6/(-9))/(p/6) is divided by 1.
0
Suppose 0 = 5*g + 4*n + 21, -3*g - 4*n = g + 16. Calculate the remainder when (g/(-10))/((-1)/(-108)) is divided by 14.
12
Suppose 5*b + 77 = 107. Calculate the remainder when 23 is divided by b.
5
Suppose -n - 5*o + 27 + 3 = 0, -5*o + 45 = 2*n. Let b = n - 6. Calculate the remainder when 34 is divided by b.
7
Let v = 59 + -53. What is the remainder when 10 is divided by v?
4
Let c(l) = -2*l**3 + 3*l**2 + 6*l + 1. Suppose 0 = 4*h - 122 - 74. Calculate the remainder when h is divided by c(-2).
15
Let i = 519 - 303. What is the remainder when i is divided by 55?
51
Let l be (-1)/2*(-7 + 35). What is the remainder when 26 is divided by ((-10)/10)/(1/l)?
12
Let d(v) = v**3 - 2*v + 1. Let z be d(1). Suppose -5*y - 113 - 237 = z. What is the remainder when 34 is divided by (-18)/(-7)*y/(-15)?
10
Let c(a) = -a - 1. Let l(m) = m**2 + 6*m. Le